
False
Does 5 divide 452?
False
Is 675 a multiple of 135?
True
Is 5 a factor of 350?
True
Does 24 divide 4848?
True
Is 84 a factor of 58885?
False
Is 1098 a multiple of 13?
False
Is 299 a multiple of 15?
False
Is 7 a factor of 595?
True
Does 127 divide 7620?
True
Is 1700 a multiple of 25?
True
Is 96144 a multiple of 9?
False
Does 2 divide 7387?
False
Is 33 a factor of 2922?
False
Is 567 a multiple of 21?
True
Is 637 a multiple of 13?
True
Is 11 a factor of 5236?
True
Is 1297 a multiple of 5?
False
Is 15 a factor of 3292?
False
Does 49 divide 343?
True
Does 26 divide 130?
True
Is 55350 a multiple of 50?
True
Is 61 a factor of 911?
False
Is 188 a multiple of 17?
False
Is 3 a factor of 432?
True
Is 12 a factor of 5772?
True
Is 114 a factor of 42195?
False
Is 209 a factor of 18392?
True
Does 24 divide 20184?
True
Does 7 divide 18790?
False
Is 13 a factor of 195?
True
Does 4 divide 369?
False
Does 146 divide 35040?
True
Is 468 a multiple of 52?
True
Is 144 a multiple of 16?
True
Is 62 a factor of 806?
True
Is 608 a multiple of 31?
False
Does 6 divide 6833?
False
Does 31 divide 72968?
False
Does 10 divide 120?
True
Is 918 a multiple of 34?
True
Is 11 a factor of 4022?
False
Does 30 divide 22830?
True
Does 30 divide 6930?
True
Does 62 divide 7287?
False
Does 10 divide 9027?
False
Is 2 a factor of 215?
False
Is 3338 a multiple of 2?
True
Is 9 a factor of 3406?
False
Is 117 even?
False
Is 17 a factor of 119?
True
Does 16 divide 114?
False
Is 119 a factor of 7013?
False
Is 15 a factor of 255?
True
Is 14791 a multiple of 164?
False
Does 5 divide 3424?
False
Is 31 a factor of 1426?
True
Is 19698 a multiple of 14?
True
Is 739 a multiple of 7?
False
Is 2 a factor of 2687?
False
Does 22 divide 1580?
False
Is 770 a multiple of 55?
True
Is 68 a factor of 18632?
True
Does 21 divide 1365?
True
Is 66 a factor of 1122?
True
Is 522 a multiple of 3?
True
Does 23 divide 1702?
True
Is 27 a factor of 6426?
True
Does 47 divide 3149?
True
Is 32394 a multiple of 11?
False
Is 932 a multiple of 58?
False
Does 103 divide 14008?
True
Is 8805 a multiple of 15?
True
Is 11 a factor of 82513?
False
Is 125481 a multiple of 177?
False
Does 117 divide 234?
True
Is 166 a factor of 48140?
True
Is 19 a factor of 95?
True
Is 899 a multiple of 4?
False
Is 539 a multiple of 3?
False
Is 2072 a multiple of 14?
True
Is 67 a factor of 46833?
True
Is 12 a factor of 1856?
False
Is 2820 a multiple of 47?
True
Is 38 a factor of 12420?
False
Does 37 divide 104007?
True
Does 3 divide 1301?
False
Does 7 divide 5096?
True
Is 56 a factor of 341?
False
Is 20 a factor of 9180?
True
Is 4790 a multiple of 12?
False
Is 70 a multiple of 4?
False
Is 6 a factor of 24?
True
Is 32 a factor of 2921?
False
Is 9 a factor of 470?
False
Is 15991 a multiple of 84?
False
Is 5 a factor of 575?
True
Does 32 divide 10114?
False
Does 103 divide 4473?
False
Is 2628 a multiple of 18?
True
Is 4 a factor of 432?
True
Is 132 a multiple of 132?
True
Is 13 a factor of 1345?
False
Does 56 divide 14779?
False
Is 10500 a multiple of 12?
True
Is 9 a factor of 1182?
False
Does 123 divide 10252?
False
Does 69 divide 17526?
True
Is 1733 a multiple of 14?
False
Does 30 divide 6570?
True
Is 2 a factor of 324?
True
Does 107 divide 37273?
False
Is 101 a factor of 40273?
False
Does 7 divide 231?
True
Does 17 divide 3417?
True
Is 246 a factor of 50878?
False
Is 10 a factor of 3670?
True
Does 8 divide 28925?
False
Is 3 a factor of 144?
True
Does 24 divide 1968?
True
Does 4 divide 3785?
False
Does 16 divide 736?
True
Does 68 divide 14937?
False
Is 17370 a multiple of 90?
True
Is 2480 a multiple of 155?
True
Is 35 a factor of 471?
False
Is 5350 a multiple of 25?
True
Is 151 a factor of 44847?
True
Does 13 divide 182?
True
Is 2316 a multiple of 47?
False
Is 135 a factor of 32400?
True
Is 13888 a multiple of 14?
True
Is 64702 a multiple of 11?
True
Is 103 a factor of 19485?
False
Is 64 a factor of 3392?
True
Is 9696 a multiple of 32?
True
Is 1232 a multiple of 16?
True
Does 12 divide 3048?
True
Is 7 a factor of 280?
True
Is 3126 even?
True
Is 22 a factor of 907?
False
Does 32 divide 4064?
True
Is 2 a factor of 103?
False
Does 6 divide 19992?
True
Is 341 a multiple of 25?
False
Is 20 a factor of 61100?
True
Is 4435 a multiple of 16?
False
Is 132 even?
True
Does 75 divide 399?
False
Does 11 divide 1342?
True
Is 42 a factor of 7686?
True
Does 77 divide 1232?
True
Is 505 a multiple of 16?
False
Is 18225 a multiple of 45?
True
Does 7 divide 854?
True
Is 126 a multiple of 8?
False
Is 4 a factor of 96?
True
Is 9484 a multiple of 8?
False
Is 616 a multiple of 7?
True
Is 45 a factor of 3714?
False
Is 279 a factor of 25668?
True
Does 11 divide 768?
False
Does 80 divide 1440?
True
Is 2484 a multiple of 43?
False
Is 23 a factor of 977?
False
Is 18 a factor of 2430?
True
Does 7 divide 1304?
False
Is 12 a factor of 276?
True
Is 93 a factor of 10230?
True
Is 17 a factor of 238?
True
Is 28 a factor of 168?
True
Is 156 a multiple of 6?
True
Is 9 a factor of 198?
True
Does 22 divide 11352?
True
Is 1092 a multiple of 78?
True
Is 26 a factor of 273?
False
Is 50 a factor of 637?
False
Is 6 a factor of 1735?
False
Is 3 a factor of 90?
True
Is 54 a factor of 8694?
True
Is 5040 a multiple of 20?
True
Is 1522 a multiple of 16?
False
Is 3960 a multiple of 36?
True
Does 7 divide 8584?
False
Is 1752 a multiple of 21?
False
Is 14 a factor of 6146?
True
Is 15 a factor of 255?
True
Is 1755 a multiple of 15?
True
Does 13 divide 8952?
False
Is 8 a factor of 1592?
True
Does 3 divide 371?
False
Is 5630 a multiple of 21?
False
Does 5 divide 17539?
False
Is 1150 even?
True
Does 3 divide 662?
False
Is 1872 a multiple of 12?
True
Does 29 divide 319?
True
Is 47 a factor of 34183?
False
Is 18 a factor of 376?
False
Is 10124 a multiple of 179?
False
Is 19 a factor of 1539?
True
Is 2935 a multiple of 2?
False
Is 17 a factor of 9763?
False
Does 12 divide 1730?
False
Is 36777 a multiple of 41?
True
Is 37 a factor of 1924?
True
Does 91 divide 42288?
False
Does 121 divide 3388?
True
Does 34 divide 510?
True
Is 1386 a multiple of 168?
False
Is 22315 a multiple of 39?
False
Is 49 a factor of 2107?
True
Is 26 a factor of 780?
True
Is 70 a factor of 1446?
False
Is 17 a factor of 455?
False
Is 6075 a multiple of 25?
True
Is 55 a factor of 13024?
False
Is 1774 a multiple of 15?
False
Is 357 a multiple of 17?
True
Is 34 a factor of 5270?
True
Is 5247 a multiple of 9?
True
Is 22 a factor of 13882?
True
Does 42 divide 139?
False
Does 56 divide 1451?
False
Is 17 a factor of 2762?
False
Is 9 a factor of 234?
True
Is 784 a multiple of 6?
False
Does 8 divide 52?
False
Is 2 a factor of 82?
True
Is 12 a factor of 6840?
True
Is 8802 a multiple of 18?
True
Is 2486 a multiple of 22?
True
Is 51 a factor of 2601?
True
Does 3 divide 754?
False
Is 12 a factor of 1210?
False
Does 3 divide 408?
True
Is 33814 a multiple of 58?
True
Does 33 divide 57?
False
Is 1204 a multiple of 7?
True
Is 18 a factor of 27214?
False
Does 9 divide 40082?
False
Is 459 a multiple of 27?
True
Is 26 a factor of 47229?
False
Does 3 divide 17625?
True
Is 13248 a multiple of 8?
True
Is 4 a factor of 92?
True
Does 33 divide 6306?
False
Is 1541 a multiple of 23?
True
Is 17 a factor of 59307?
False
Is 6579 a multiple of 77?
False
Is 2 a factor of 36?
True
Is 2025 a multiple of 15?
True
Does 15 divide 9288?
False
Does 197 divide 33927?
False
Is 13524 a multiple of 47?
False
Is 13780 a multiple of 10?
True
Does 8 divide 679?
False
Does 121 divide 81192?
False
Is 6 a factor of 41?
False
Does 2 divide 172?
True
Is 697 a multiple of 30?
False
Is 10256 a multiple of 19?
False
Is 760 a multiple of 40?
True
Is 5 a factor of 1699?
False
Does 7 divide 3248?
True
Does 57 divide 303?
False
Does 64 divide 44155?
False
Is 35746 a multiple of 13?
False
Does 7 divide 7?
True
Is 58 a factor of 3982?
False
Is 31 a factor of 341?
True
Is 6089 a multiple of 9?
False
Is 196 a factor of 41356?
True
Is 8728 a multiple of 73?
False
Is 95 a factor of 38193?
False
Does 30 divide 600?
True
Does 296 divide 72271?
False
Is 45 a factor of 630?
True
Is 13927 a multiple of 12?
False
Is 436 a multiple of 10?
False
Is 5613 a multiple of 10?
False
Does 6 divide 120?
True
Does 86 divide 9202?
True
Is 17 a factor of 111350?
True
Does 10 divide 2330?
True
Is 7 a factor of 476?